d by 534.
531
Calculate the remainder when 618218 is divided by 77277.
2
What is the remainder when 160258 is divided by 375?
133
What is the remainder when 6038 is divided by 173?
156
What is the remainder when 19537 is divided by 33?
1
What is the remainder when 6483 is divided by 110?
103
What is the remainder when 3548 is divided by 503?
27
What is the remainder when 4787001 is divided by 16?
9
Calculate the remainder when 50728 is divided by 1537.
7
Calculate the remainder when 10173 is divided by 329.
303
What is the remainder when 21659 is divided by 7031?
566
Calculate the remainder when 7348 is divided by 3656.
36
What is the remainder when 368346 is divided by 10833?
24
Calculate the remainder when 673194 is divided by 18.
12
What is the remainder when 314243 is divided by 28?
27
What is the remainder when 52210 is divided by 59?
54
Calculate the remainder when 40671 is divided by 20.
11
What is the remainder when 19325 is divided by 302?
299
What is the remainder when 572104 is divided by 232?
224
Calculate the remainder when 1098 is divided by 751.
347
What is the remainder when 3369 is divided by 573?
504
What is the remainder when 196122 is divided by 5161?
4
Calculate the remainder when 3563 is divided by 607.
528
What is the remainder when 2473 is divided by 57?
22
What is the remainder when 20882 is divided by 9764?
1354
What is the remainder when 884 is divided by 195?
104
Calculate the remainder when 10606 is divided by 158.
20
What is the remainder when 4574 is divided by 285?
14
Calculate the remainder when 6813 is divided by 236.
205
What is the remainder when 197 is divided by 125?
72
Calculate the remainder when 53345 is divided by 8869.
131
What is the remainder when 29544 is divided by 165?
9
What is the remainder when 355 is divided by 66?
25
What is the remainder when 10084 is divided by 1120?
4
What is the remainder when 1316 is divided by 1304?
12
What is the remainder when 182104 is divided by 360?
304
What is the remainder when 18904 is divided by 95?
94
Calculate the remainder when 50568 is divided by 7208.
112
Calculate the remainder when 54061 is divided by 201.
193
Calculate the remainder when 1813 is divided by 903.
7
Calculate the remainder when 11418 is divided by 10849.
569
What is the remainder when 3391 is divided by 1236?
919
What is the remainder when 5184 is divided by 738?
18
Calculate the remainder when 124460 is divided by 41484.
8
What is the remainder when 62618 is divided by 364?
10
What is the remainder when 27272 is divided by 9086?
14
Calculate the remainder when 191167 is divided by 116.
115
Calculate the remainder when 76316 is divided by 96.
92
What is the remainder when 2007 is divided by 938?
131
What is the remainder when 88618 is divided by 84?
82
What is the remainder when 5131 is divided by 557?
118
Calculate the remainder when 45963 is divided by 141.
138
What is the remainder when 213386 is divided by 1?
0
What is the remainder when 1087 is divided by 525?
37
Calculate the remainder when 3600 is divided by 1347.
906
Calculate the remainder when 1278 is divided by 261.
234
What is the remainder when 11569 is divided by 594?
283
What is the remainder when 5221 is divided by 2015?
1191
Calculate the remainder when 8154 is divided by 8061.
93
What is the remainder when 578430 is divided by 172?
166
What is the remainder when 33614 is divided by 13?
9
Calculate the remainder when 12504 is divided by 17.
9
Calculate the remainder when 2012 is divided by 668.
8
Calculate the remainder when 114588 is divided by 1470.
1398
What is the remainder when 48476 is divided by 14?
8
What is the remainder when 28682 is divided by 896?
10
What is the remainder when 9979 is divided by 13?
8
What is the remainder when 7357 is divided by 576?
445
Calculate the remainder when 20436 is divided by 20431.
5
What is the remainder when 1464 is divided by 103?
22
What is the remainder when 2391 is divided by 16?
7
Calculate the remainder when 15783 is divided by 149.
138
Calculate the remainder when 4490 is divided by 1431.
197
Calculate the remainder when 16214 is divided by 49.
44
What is the remainder when 66665 is divided by 966?
11
What is the remainder when 42160 is divided by 14010?
130
Calculate the remainder when 7554 is divided by 189.
183
Calculate the remainder when 112957 is divided by 37652.
1
What is the remainder when 711 is divided by 488?
223
What is the remainder when 1288418 is divided by 70?
68
What is the remainder when 750998 is divided by 135?
128
Calculate the remainder when 1842 is divided by 130.
22
Calculate the remainder when 25148 is divided by 740.
728
What is the remainder when 4398 is divided by 186?
120
Calculate the remainder when 716 is divided by 176.
12
Calculate the remainder when 2002552 is divided by 667516.
4
What is the remainder when 9075 is divided by 77?
66
What is the remainder when 264981 is divided by 363?
354
What is the remainder when 225476 is divided by 37577?
14
What is the remainder when 2968 is divided by 271?
258
Calculate the remainder when 1862 is divided by 375.
362
Calculate the remainder when 2953 is divided by 87.
82
Calculate the remainder when 1791 is divided by 96.
63
What is the remainder when 9091 is divided by 2238?
139
Calculate the remainder when 203198 is divided by 306.
14
What is the remainder when 41619 is divided by 13611?
786
Calculate the remainder when 2212 is divided by 547.
24
Calculate the remainder when 835 is divided by 92.
7
What is the remainder when 8143 is divided by 444?
151
What is the remainder when 894211 is divided by 12?
7
What is the remainder when 444 is divided by 26?
2
Calculate the remainder when 323335 is divided by 135.
10
What is the remainder when 15268 is divided by 544?
36
What is the remainder when 3741 is divided by 1235?
36
Calculate the remainder when 309488 is divided by 154742.
4
Calculate the remainder when 890 is divided by 53.
42
Calculate the remainder when 40419 is divided by 28.
15
Calculate the remainder when 22476 is divided by 9.
3
What is the remainder when 7519 is divided by 7378?
141
Calculate the remainder when 285415 is divided by 377.
26
What is the remainder when 31475 is divided by 41?
28
What is the remainder when 8459 is divided by 6?
5
What is the remainder when 2210298 is divided by 13?
12
What is the remainder when 342927 is divided by 966?
963
Calculate the remainder when 18481 is divided by 96.
49
Calculate the remainder when 2178 is divided by 2122.
56
What is the remainder when 1126 is divided by 190?
176
Calculate the remainder when 45947 is divided by 547.
546
Calculate the remainder when 543 is divided by 248.
47
Calculate the remainder when 428852 is divided by 6.
2
What is the remainder when 198638 is divided by 40?
38
What is the remainder when 670737 is divided by 7?
4
Calculate the remainder when 807 is divided by 78.
27
Calculate the remainder when 2032 is divided by 198.
52
Calculate the remainder when 1294260 is divided by 431417.
9
Calculate the remainder when 19375 is divided by 89.
62
Calculate the remainder when 19240 is divided by 334.
202
Calculate the remainder when 4436 is divided by 92.
20
Calculate the remainder when 829 is divided by 74.
15
What is the remainder when 1509298 is divided by 300?
298
Calculate the remainder when 42341 is divided by 4.
1
What is the remainder when 159561 is divided by 401?
364
What is the remainder when 42996 is divided by 7161?
30
Calculate the remainder when 73595 is divided by 66.
5
What is the remainder when 1429 is divided by 1408?
21
What is the remainder when 628 is divided by 559?
69
What is the remainder when 486934 is divided by 91?
84
What is the remainder when 57125 is divided by 37?
34
What is the remainder when 2590 is divided by 2547?
43
What is the remainder when 7513 is divided by 442?
441
What is the remainder when 3336446 is divided by 489?
488
Calculate the remainder when 13828 is divided by 5.
3
What is the remainder when 72301 is divided by 24099?
4
Calculate the remainder when 15190 is divided by 949.
6
Calculate the remainder when 3527 is divided by 63.
62
What is the remainder when 9832 is divided by 15?
7
What is the remainder when 419352 is divided by 2383?
2327
Calculate the remainder when 